{"id":339,"date":"2022-10-22T20:15:24","date_gmt":"2022-10-22T20:15:24","guid":{"rendered":"http:\/\/vretechnieken.be\/wordpress\/?page_id=339"},"modified":"2022-11-06T22:29:53","modified_gmt":"2022-11-06T22:29:53","slug":"desigo-optic","status":"publish","type":"page","link":"http:\/\/vretechnieken.be\/wordpress\/desigo-optic\/","title":{"rendered":"Desigo Optic &#8211; GBS"},"content":{"rendered":"<p>[vc_section full_width=&#8221;stretch_row_content&#8221;][\/vc_section][vc_section full_width=&#8221;stretch_row_content&#8221; css=&#8221;.vc_custom_1646794576998{padding-top: 110px !important;padding-bottom: 120px !important;}&#8221;][vc_row container_max_width=&#8221;1200&#8243;][vc_column width=&#8221;3\/5&#8243;]<style>\r\n\r\n\t    #obelisk-heading-obelisk69e4ef1bafcd7 {text-align: ;}\r\n\r\n<\/style>\r\n\r\n<div id=\"obelisk-header-obelisk69e4ef1bafcd7\" class=\"obelisk-title style-1 \">\r\n\r\n\t\r\n        <h3 class=\"main-title color-font\">DESIGO OPTIC<\/h3>\r\n        <p class=\"wow txt\" data-splitting><\/p>\r\n\t<\/div>\r\n[vc_single_image image=&#8221;341&#8243; img_size=&#8221;full&#8221;][\/vc_column][vc_column width=&#8221;2\/5&#8243;][vc_column_text]<\/p>\n<div class=\"introduction__textBlock textBlock textBlock--withMedia \">\n<h2 class=\"lRu31\"><span class=\"HwtZe\" lang=\"nl\"><span class=\"jCAhz ChMk0b\"><span class=\"ryNqvb\">Vereenvoudigde HVAC-integraties en -bewerkingen<\/span><\/span><\/span><\/h2>\n<p class=\"introduction__text textBlock__description\"><span class=\"HwtZe\" lang=\"nl\"><span class=\"jCAhz ChMk0b\"><span class=\"ryNqvb\">Desigo Optic is een eenvoudige, krachtige en schaalbare softwareoplossing voor het visualiseren en besturen van gebouwautomatiseringssystemen.<\/span><\/span> <span class=\"jCAhz ChMk0b\"><span class=\"ryNqvb\">Aangedreven door FIN Framework, herdefinieert Desigo Optic openheid door Haystack native semantische tagging toe te passen voor naadloze gegevensharmonisatie en snelle toegang tot kritieke gebouwinformatie, waardoor workflows met 33% worden gestroomlijnd.<\/span><\/span> <span class=\"jCAhz ChMk0b\"><span class=\"ryNqvb\">Voor gebruik in \u00e9\u00e9n discipline en schaalbaar om mee te groeien met uw gebouwbehoeften, helpt Desigo Optic u om de effici\u00ebntie van gebouwen naar een hoger niveau te tillen op het gebied van productiviteit, comfort en gezondheid.<\/span><\/span><\/span><\/p>\n<\/div>\n<p>[\/vc_column_text]<style>\r\n\r\n\t    #obelisk-button-obelisk69e4ef1bafd42 {text-transform: none;}\r\n\t#obelisk-button-obelisk69e4ef1bafd42 {text-align: left;}\r\n\r\n<\/style>\r\n\r\n<div id=\"obelisk-button-obelisk69e4ef1bafd42\">\r\n<a href=\"mailto:info@vretechnieken.be\" class=\"obelisk-button style-0 \">\r\n    <span class=\"obelisk-button-content-wrapper\">\r\n        <span class=\"obelisk-button-icon obelisk-align-icon-right\">\r\n            <i aria-hidden=\"true\" class=\"\"><\/i>\r\n        <\/span>\r\n\r\n        <span class=\"obelisk-button-text\">\r\n            Contacteer ons        <\/span>\r\n    <\/span>\r\n<\/a>\r\n<\/div>\r\n[\/vc_column][\/vc_row][\/vc_section][vc_section full_width=&#8221;stretch_row_content&#8221; css=&#8221;.vc_custom_1646794576998{padding-top: 110px !important;padding-bottom: 120px !important;}&#8221;][vc_row container_max_width=&#8221;1200&#8243;][vc_column width=&#8221;3\/5&#8243;]<style>\r\n\r\n\t\t\t#obelisk-heading-obelisk69e4ef1bafdb6.obelisk-heading {font-size: 30px;}\r\n\t\t#obelisk-heading-obelisk69e4ef1bafdb6.obelisk-title h2 {font-size: 30px;}\r\n\t\t\t#obelisk-heading-obelisk69e4ef1bafdb6.obelisk-heading {line-height: 1.4em;}\r\n\t\t#obelisk-heading-obelisk69e4ef1bafdb6.obelisk-title h2 {line-height: 1.4em;}\r\n\t\t\t#obelisk-heading-obelisk69e4ef1bafdb6.obelisk-heading {font-weight: 700;}\r\n\t\t#obelisk-heading-obelisk69e4ef1bafdb6.obelisk-title h2 {font-weight: 700;}\r\n\t\t\t#obelisk-heading-obelisk69e4ef1bafdb6.obelisk-heading {background: linear-gradient(to right, #12c2e9, #1e73be, #000000); ?>; -webkit-background-clip: text !important; -webkit-text-fill-color: transparent;}\r\n\t\t#obelisk-heading-obelisk69e4ef1bafdb6.obelisk-title h2 {background: linear-gradient(to right, #12c2e9, #1e73be, #000000); ?>; -webkit-background-clip: text !important; -webkit-text-fill-color: transparent;}\r\n\t\t#obelisk-heading-obelisk69e4ef1bafdb6.obelisk-heading {text-align: left;}\r\n\t#obelisk-heading-obelisk69e4ef1bafdb6.obelisk-title h2 {text-align: left;}\r\n\r\n<\/style>\r\n\r\n<h4 id=\"obelisk-heading-obelisk69e4ef1bafdb6\"  class='obelisk-heading style-1 wow  vc_custom_1667381603374 ' >\r\n    Kenmerken en voordelen<\/h4>\r\n[\/vc_column][vc_column width=&#8221;2\/5&#8243;][vc_column_text]<\/p>\n<ul>\n<li><span class=\"HwtZe\" lang=\"nl\"><span class=\"jCAhz ChMk0b\"><span class=\"ryNqvb\">Open platform met intu\u00eftieve software gebouwd op een open gedistribueerd FIN\u2122 Framework<\/span><\/span> <\/span><\/li>\n<li><span class=\"HwtZe\" lang=\"nl\"><span class=\"jCAhz ChMk0b\"><span class=\"ryNqvb\">Eenvoudig taggen om gegevens te standaardiseren voor snellere implementatie, met behulp van metadatatags via native Project Haystack die helpt om betrouwbare informatie te ontsluiten voor betere bouwbeslissingen<\/span><\/span> <\/span><\/li>\n<li><span class=\"HwtZe\" lang=\"nl\"><span class=\"jCAhz ChMk0b\"><span class=\"ryNqvb\">Naadloze integratie met belangrijke IP-gebaseerde protocollen: BACnet, Modbus, KNX, SNMP en OPC Haystack biedt de mogelijkheid om naadloos te integreren met het Niagara-framework<\/span><\/span> <\/span><\/li>\n<li><span class=\"HwtZe\" lang=\"nl\"><span class=\"jCAhz ChMk0b\"><span class=\"ryNqvb\">Betere effici\u00ebntie met de beste gebruikerservaring in zijn klasse met behulp van de Dashboard Builder-tool met meerdere boomstructuurweergaven en selectie met slepen en neerzetten<\/span><\/span><\/span><\/li>\n<\/ul>\n<p>[\/vc_column_text][vc_column_text]<\/p>\n<div class=\"lRu31\"><a href=\"https:\/\/assets.new.siemens.com\/siemens\/assets\/api\/uuid:b96452c5-4dad-4180-b7e7-3c6327992f95\/siemensdesigoopticopenness.mp4?ste_sid=d7356b5e21cbd16556b4b31cbd44f246\"><span class=\"HwtZe\" lang=\"nl\"><span class=\"jCAhz ChMk0b\"><span class=\"ryNqvb\">Desigo Optic <strong>herdefinieert<\/strong> de openheid van gebouwautomatisering<\/span><\/span><\/span><\/a><\/div>\n<p>[\/vc_column_text][\/vc_column][\/vc_row][\/vc_section][vc_section full_width=&#8221;stretch_row_content&#8221; css=&#8221;.vc_custom_1646795496327{padding-top: 110px !important;padding-bottom: 80px !important;background-position: center !important;background-repeat: no-repeat !important;background-size: cover !important;}&#8221; el_class=&#8221;obelisk-section-mode2&#8243;][vc_row content_placement=&#8221;middle&#8221; container_max_width=&#8221;1200&#8243;][vc_column width=&#8221;3\/4&#8243;]<style>\r\n\r\n\t\t\t#obelisk-heading-obelisk69e4ef1bafdee.obelisk-heading {font-size: 13px;}\r\n\t\t#obelisk-heading-obelisk69e4ef1bafdee.obelisk-title h2 {font-size: 13px;}\r\n\t\t\t#obelisk-heading-obelisk69e4ef1bafdee.obelisk-heading {line-height: 1.2em;}\r\n\t\t#obelisk-heading-obelisk69e4ef1bafdee.obelisk-title h2 {line-height: 1.2em;}\r\n\t\t\t#obelisk-heading-obelisk69e4ef1bafdee.obelisk-heading {font-weight: 400;}\r\n\t\t#obelisk-heading-obelisk69e4ef1bafdee.obelisk-title h2 {font-weight: 400;}\r\n\t\t\t\t#obelisk-heading-obelisk69e4ef1bafdee.obelisk-heading {color: #12c2e9;}\r\n\t\t\t#obelisk-heading-obelisk69e4ef1bafdee.obelisk-title h2 {color: #12c2e9;}\r\n\t\t\t\t\t#obelisk-heading-obelisk69e4ef1bafdee.obelisk-heading {letter-spacing: 4px;}\r\n\t\t#obelisk-heading-obelisk69e4ef1bafdee.obelisk-title h2 {letter-spacing: 4px;}\r\n\t\t#obelisk-heading-obelisk69e4ef1bafdee.obelisk-heading {text-align: ;}\r\n\t#obelisk-heading-obelisk69e4ef1bafdee.obelisk-title h2 {text-align: ;}\r\n\r\n<\/style>\r\n\r\n<h6 id=\"obelisk-heading-obelisk69e4ef1bafdee\"  class='obelisk-heading style-1 wow  ' >\r\n    CONTACTEER ONS<\/h6>\r\n<style>\r\n\r\n\t\t\t#obelisk-heading-obelisk69e4ef1bafe24.obelisk-heading {font-size: 3vw;}\r\n\t\t#obelisk-heading-obelisk69e4ef1bafe24.obelisk-title h2 {font-size: 3vw;}\r\n\t\t\t@media (max-width: 767px) {\r\n\t\t\t#obelisk-heading-obelisk69e4ef1bafe24.obelisk-heading {font-size: 6vw;}\r\n\t\t\t#obelisk-heading-obelisk69e4ef1bafe24.obelisk-title h2 {font-size: 6vw;}\r\n\t\t}\r\n\t\t\t#obelisk-heading-obelisk69e4ef1bafe24.obelisk-heading {font-weight: 800;}\r\n\t\t#obelisk-heading-obelisk69e4ef1bafe24.obelisk-title h2 {font-weight: 800;}\r\n\t\t\t\t#obelisk-heading-obelisk69e4ef1bafe24.obelisk-title h2 {-webkit-text-stroke-width: ;}\r\n\t\t#obelisk-heading-obelisk69e4ef1bafe24.obelisk-title span {color: transparent;}\r\n\t\t#obelisk-heading-obelisk69e4ef1bafe24.obelisk-heading {text-align: ;}\r\n\t#obelisk-heading-obelisk69e4ef1bafe24.obelisk-title h2 {text-align: ;}\r\n\r\n<\/style>\r\n\r\n<div id=\"obelisk-heading-obelisk69e4ef1bafe24\" class=\"obelisk-title style-2  vc_custom_1664731804974\">\r\n\t<h2 class=\"animate custom-font\" >OVER UW PROJECT.<\/h2>\r\n<\/div>\r\n[\/vc_column][vc_column width=&#8221;1\/4&#8243;]<style>\r\n\r\n\t\t\t#obelisk-button-obelisk69e4ef1bafe4c .obelisk-button {border-width: 2px;border-style: solid;}\r\n\t    #obelisk-button-obelisk69e4ef1bafe4c {text-transform: none;}\r\n\t#obelisk-button-obelisk69e4ef1bafe4c {text-align: left;}\r\n\r\n<\/style>\r\n\r\n<div id=\"obelisk-button-obelisk69e4ef1bafe4c\">\r\n\t<a href=\"mailto:info@vretechnieken.be\" class=\"obelisk-button style-1 btn-lit mode-\" data-wow-delay=\".5s\">\r\n\r\n\t\t<span>CONTACT<\/span>\r\n\t<\/a> \r\n<\/div>\r\n[\/vc_column][\/vc_row][\/vc_section]<\/p>\n","protected":false},"excerpt":{"rendered":"<p>vc_section full_width=&#8221;stretch_row_content&#8221;\/vc_sectionvc_section full_width=&#8221;stretch_row_content&#8221; css=&#8221;.vc_custom_1646794576998{padding-top: 110px !important;padding-bottom: 120px !important;}&#8221;vc_row container_max_width=&#8221;1200&#8243;vc_column width=&#8221;3\/5&#8243;vc_single_image image=&#8221;341&#8243; img_size=&#8221;full&#8221;\/vc_columnvc_column width=&#8221;2\/5&#8243;vc_column_text Vereenvoudigde HVAC-integraties en -bewerkingen Desigo Optic is een eenvoudige, krachtige en schaalbare softwareoplossing voor het visualiseren en besturen van gebouwautomatiseringssystemen. Aangedreven door FIN Framework, herdefinieert Desigo Optic openheid door Haystack native semantische tagging toe te passen voor naadloze gegevensharmonisatie en snelle toegang tot kritieke gebouwinformatie, waardoor workflows &hellip;<\/p>\n","protected":false},"author":1,"featured_media":0,"parent":0,"menu_order":0,"comment_status":"closed","ping_status":"closed","template":"blank-builder.php","meta":[],"_links":{"self":[{"href":"http:\/\/vretechnieken.be\/wordpress\/wp-json\/wp\/v2\/pages\/339"}],"collection":[{"href":"http:\/\/vretechnieken.be\/wordpress\/wp-json\/wp\/v2\/pages"}],"about":[{"href":"http:\/\/vretechnieken.be\/wordpress\/wp-json\/wp\/v2\/types\/page"}],"author":[{"embeddable":true,"href":"http:\/\/vretechnieken.be\/wordpress\/wp-json\/wp\/v2\/users\/1"}],"replies":[{"embeddable":true,"href":"http:\/\/vretechnieken.be\/wordpress\/wp-json\/wp\/v2\/comments?post=339"}],"version-history":[{"count":11,"href":"http:\/\/vretechnieken.be\/wordpress\/wp-json\/wp\/v2\/pages\/339\/revisions"}],"predecessor-version":[{"id":409,"href":"http:\/\/vretechnieken.be\/wordpress\/wp-json\/wp\/v2\/pages\/339\/revisions\/409"}],"wp:attachment":[{"href":"http:\/\/vretechnieken.be\/wordpress\/wp-json\/wp\/v2\/media?parent=339"}],"curies":[{"name":"wp","href":"https:\/\/api.w.org\/{rel}","templated":true}]}}